. Let q(u) = u**2 - 8*u - 6. Determine q(t).
-6
Let c = 19 - 19. Suppose -x + 2*x + 4*w + 11 = c, 0 = -2*w - 4. Let o(j) = j**2 + j. What is o(x)?
6
Let q(z) = z**3 + 14*z**2 + 11*z + 6. Suppose 2*u - 406 = -432. Determine q(u).
32
Let d(v) be the first derivative of 1/12*v**4 - 2*v**2 - 2/3*v**3 - 3*v + 4. Let g(u) be the first derivative of d(u). Calculate g(5).
1
Let n = -16 + 20. Let r(i) = -i**3 + 5*i**2 - 6*i + 2. Let m be r(n). Let d(c) be the first derivative of -c**4/4 - 2*c**3 - 4. Determine d(m).
0
Suppose 5*o = -2*j + 34 + 31, 2*o + 4*j - 10 = 0. Let u(t) = o*t + 18 - 20*t - 9. Give u(7).
-26
Suppose 2*b - t - 6 = 3*t, b - 6 = -t. Let u(p) = -b - 28*p**2 - 4*p + 27*p**2 + 0. What is u(-4)?
-5
Suppose 30*y + 224 = 554. Let b(m) = -m + 1. Let w(i) = 3*i + 12. Let j(k) = -4*b(k) - w(k). Determine j(y).
-5
Let p(g) = 5*g. Let s = -1 + 4. Suppose 8 = s*w - 1. Suppose 2*u = 10, -4*q + u + 2 = w*u. Give p(q).
-10
Let y(t) = -t. Let i(g) = -1 - 6*g + g**3 - 11*g**2 + 10*g**2 - 2*g**3. Let w(c) = -i(c) + 3*y(c). What is w(-2)?
-9
Let q(y) = -y + 11. Let f be (2 - 3)*1*-8. Let v be q(f). Let z(r) = -2*r + r + 2 + v*r. Determine z(-2).
-2
Suppose -152*s = -151*s - 5. Suppose i - 2*n + 4 = 0, i - n = -s + 1. Let f(k) = k**3 + 3*k**2 - 5*k - 5. Calculate f(i).
-1
Suppose 10*k - 6 = 16*k. Let x(s) = -s**2. Let v(r) = 7*r**2 - 4*r - 1. Let l(t) = k*v(t) - 4*x(t). Calculate l(3).
-14
Let i = -81 + 84. Let x(j) = -j + 4 - 3 + 5 - i. Give x(-4).
7
Let q = 33 - 39. Let p(f) = 6*f - 8 - 2*f**2 - 10*f + f**2. What is p(q)?
-20
Let o(d) = 11*d**2 + 5 - 712*d + d**3 - 5*d**2 + 0*d**3 + 702*d. Calculate o(-8).
-43
Let l(r) be the first derivative of r**3/3 - 2*r**2 + 8*r + 172. What is l(7)?
29
Let s(c) = -c**3 - 12*c**2 + 10. Let r be s(-12). Suppose 0 = -2*i + 3*y + 9, i - 1 = -5*y + r. Let l(u) = -3 + 0 + 1 - 7*u - u**3 + 7*u**2. Determine l(i).
-8
Let n(r) = -r**2 - 5*r - 3. Let q be n(-4). Let h(k) = -2*k + q + k + 8. Let a be 68/10 + (-6)/(-30). Give h(a).
2
Suppose 4*m = -95 + 147. Let i(r) = -r**2 + 14*r - 13. What is i(m)?
0
Let c(a) = 18*a**2 - 3*a - 11*a + 5*a**3 + 2*a + 3. Suppose 262 = -25*d + 62. Let i(r) = 2*r**3 + 6*r**2 - 4*r + 1. Let y(g) = d*i(g) + 3*c(g). Calculate y(5).
6
Let s(l) = -l**2 - 9*l - 9. Let w(z) = z**2 + 9*z + 8. Let b(h) = -2*s(h) - 3*w(h). Determine b(-5).
14
Let b(w) = 6*w - 13*w + w - 5 + 8 + 7*w. What is b(-6)?
-3
Let z = -642 - -19261/30. Let l(a) be the third derivative of 0*a**4 + 0*a + 0 + 11*a**2 + z*a**5 + 1/30*a**6 - 1/6*a**3. What is l(1)?
5
Let x(d) be the third derivative of -7*d**5/60 + d**4/12 - d**3/6 + 967*d**2. Let m(v) = -2 - v**2 + 3*v + 3 - 2*v. Let j be m(0). Give x(j).
-6
Let l(x) = -8*x**2 + 2*x - 1. Suppose -2*s - 2*z - 46 = 2*s, 15 = 3*z. Let d = 37 - 2. Let b be (-10)/d - 18/s. What is l(b)?
-7
Let u(a) be the first derivative of -7 - 5/3*a**3 + a - 1/2*a**2. Let z = 2 - 1. Calculate u(z).
-5
Let g be 57/11 - 10/55. Let o(k) be the second derivative of -k**3/6 + 3*k**2 + 13*k. Give o(g).
1
Let w(m) = m**3 + 7*m**2 - 4*m + 11. Let t(g) = -4*g + 96. Let j be t(26). Give w(j).
-21
Let f be (-4 + 18/4)*(-72)/12. Let s(n) = n**2 + 8*n + 14. Give s(f).
-1
Let g(s) be the second derivative of s**5/20 + s**4/12 - 8*s**2 + 5*s + 1. What is g(0)?
-16
Suppose 4*y + 5*j = 7*y + 5, -3*y - 4*j = -31. Let x(w) = w**2 - 8*w + 7. Determine x(y).
-8
Let j(o) = 2*o - 3 - 4*o + 6*o - o. What is j(2)?
3
Let c be (-8 - (-1 + -10))/(-2 + 1). Let t(s) be the second derivative of -s**6/360 - s**4/12 - s. Let o(a) be the third derivative of t(a). Calculate o(c).
6
Let c(y) = 1 - 2 - y**2 + 2 - y. Let g = 1529 - 1531. What is c(g)?
-1
Let j(x) = 7*x + 3. Suppose 0*s - w - 4 = -s, -3*s - w = 8. Let a be 0 - (-1 - 3/s). Determine j(a).
-11
Let f(p) = -p**2 + p + 1. Suppose 0 = 2*k - 4*y - 6, y + 17 - 8 = -k. Give f(k).
-29
Let k(d) = -d**3 + 6*d**2 - 6*d + 4. Suppose -6 = -j + 4*j. Let l(h) = h**3 - 7*h**2 + 7*h - 3. Let b(q) = j*l(q) - 3*k(q). Let w be (0 + 2)/(6/12). Give b(w).
10
Let b(d) = 6*d. Let l(s) = s + 5. Let z(v) = -3*v - 11. Let c(o) = -13*l(o) - 6*z(o). Let p(j) = 4*b(j) - 5*c(j). Determine p(-6).
1
Let g be (-1)/(-1) - (-1 + -4). Let u(s) be the third derivative of -s**6/120 + s**5/12 + 5*s**4/24 + s**3/3 + 353*s**2 + s. Determine u(g).
-4
Let l = -1 - -6. Let a be 0 + (-48)/(-32)*(-4)/(-6). Let w = l + a. Let s(f) = -f**3 + 5*f**2 + 5*f + 5. What is s(w)?
-1
Let l(d) = d**3 - 3*d**2 - 5*d - 7. Suppose 18*f + 3768 - 1284 = 0. Let g be (-4 - f/42)*-7. Determine l(g).
18
Let z(q) be the first derivative of -q**4/4 - 7*q**3/3 - 5*q**2/2 - q - 224. Determine z(-7).
34
Let k(r) be the first derivative of r**4/4 + 7*r**3/3 + 5*r**2/2 - 5*r - 3. Let v(s) = -s - 6. Let q be v(-8). Suppose -q*h - h = 18. What is k(h)?
1
Let a(s) = s**3 - 9*s**2 + 3. Let k = 14 - 5. Let m be a(k). Let q(z) = -z + 7 - 2 + m*z + z. Determine q(-6).
-13
Let p(m) = 6*m + 125. Let o be p(-21). Let v(x) = 22*x**3 - 2*x**2 - x. Give v(o).
-23
Let d(t) = t**3 + 12*t**2 + 8*t - 6. Let b(v) = -2*v**3 - 25*v**2 - 15*v + 12. Let i(s) = -2*b(s) - 5*d(s). Give i(-9).
15
Let y(o) = -o + 20. Suppose -6*h + h = b - 35, -3*h + 4*b + 21 = 0. What is y(h)?
13
Let j(r) = -r**3 + 2. Let u be j(0). Let w(l) = u*l - 2 + l**2 + 3*l**2 + 1 - 4*l. Determine w(2).
11
Let q(a) be the third derivative of a**5/60 + a**4/24 + 3*a**3 - 17*a**2. Let o(b) be the first derivative of q(b). Determine o(-1).
-1
Suppose 0 = -w - 2 + 1. Let d(y) = y**2 - 9*y + 11. Let v be d(8). Let s(i) = 1 - 2*i - v*i + 0 - 2*i. Give s(w).
8
Let n(b) = 5*b + 15. Suppose 0 = -26*u - 139 + 9. Calculate n(u).
-10
Let w(s) = -106 + 54 + 47 + s. Calculate w(6).
1
Let b(s) be the second derivative of -23*s**5/20 + s**3/6 + 873*s. Let o be 2/(-5) - (-6)/(-10). Determine b(o).
22
Let b(k) be the third derivative of -k**6/120 + 7*k**5/60 + 7*k**4/24 + k**3 - k**2 - 184*k. Suppose -4*c = -2*c - 16. Determine b(c).
-2
Let b(k) be the first derivative of -k**4/4 + 3*k**3 + 11*k**2/2 - 6*k + 1. Determine b(10).
4
Let f(g) = -g**2 + 10*g - 13. Let q(x) be the second derivative of -x**4/6 + 10*x**3/3 - 13*x**2 - 48*x. Let b(i) = 7*f(i) - 4*q(i). What is b(9)?
4
Let b = 1 + -4. Let x(v) be the first derivative of 1/2*v**2 - 11 + 3*v. Give x(b).
0
Let z(j) be the first derivative of j**3/3 - j**2 + 300. Give z(5).
15
Let h(r) be the second derivative of r**3/3 - 2*r**2 - r. Let j(p) = p**3 - 43*p**2 + 5. Let f be j(0). What is h(f)?
6
Let f(t) = -t**2 - 7*t + 2. Let l be f(-7). Let z be (2/(-6))/(l/(-18)). Let x(r) be the second derivative of -r**3/6 + 2*r**2 - 215*r. Give x(z).
1
Suppose 5*u + 0 = 5*o + 5, -2*u + 10 = -4*o. Let s be (u - (-84)/20)*(-10)/4. Let m(d) = -d**3 - 4*d**2 - d. Give m(s).
-6
Let s(q) = -q + 14. Let z(d) be the first derivative of -5*d**2/2 + 57*d - 15. Let m(i) = 9*s(i) - 2*z(i). Calculate m(-10).
2
Let j(w) = -w**2 + 4*w + 7. Let u(c) = -c**2 + 1. Let y(o) = -j(o) + 2*u(o). Determine y(-5).
-10
Suppose -4*j + 113 = 109. Let s(f) = -f + 1. Calculate s(j).
0
Let w(d) = 5*d**3 + 6*d + 0*d**3 - 7*d**2 - 6 + d**2 - 4*d**3. Calculate w(6).
30
Let g(x) = 9120*x**2 - 9121*x**2 - 6*x + 4 - 14. Give g(-7).
-17
Suppose -l - 4*b - 2 = 0, -l - 2*b = l - 2. Suppose -l*r - 4*w = 4, 4*r - 22 = 4*w - 2*w. Let i(f) = -4*f + f**2 + 2*f**2 + 10 - r*f**2. Determine i(-7).
-11
Let y(p) = 2*p - 9. Let c(f) = -3*f + 14. Let l(g) = -5*c(g) - 8*y(g). Let k be 184/44 - 2/11. Determine l(k).
-2
Suppose -18 = 29*x + 11. Let g(r) = -3*r**3 - 1. Determine g(x).
2
Let t(q) = 13*q + 10. Let b(u) = 2*u + 1. Let f(p) = -14*b(p) + 2*t(p). Give f(0).
6
Let f(s) = -5*s - 20. Let c(h) = h + 5 - 5 + 1. Let b(g) = -7*g**2 + 160*g + 27. Let a be b(23). Let p(r) = a*c(r) + f(r). Determine p(0).
-16
Let s(o) = 0*o - 2*o + 0*o + 3 - 6. Determine s(4).
-11
Let j(o) = -o. Let t(p) = -6*p**2 + 4*p + 1. Let g(a) = 2*j(a) + t(a). Calculate g(-1).
-7
Let j = 371 + -155. Suppose 0*h + 4*h - j = 0. Let k be h/(-15) + 6/(-15). Let i(m) = -2*m - 3. What is i(k)?
5
Let c(d) = -d - 4. Let l be c(0). Let s(n) = n**3 - 3*n**2 - 8*n - 8. Let u(a) = -2*a**3 + 2*a**2 + 10*a + 11. Let p(w) = 3*s(w) + 2*u(w). Determine p(l).
-2
Let w be 4 - (-18 + 18)*(1 + -2). Let c(i) = -13*i - i + 3*i + w*i. Calculate c(-1).
7
Let s be (-36)/8*(-4)/